{"id":16331,"date":"2013-11-13T05:00:06","date_gmt":"2013-11-13T09:30:06","guid":{"rendered":"http:\/\/www.sportalsub.net\/blog\/?page_id=16331"},"modified":"2020-04-07T07:26:25","modified_gmt":"2020-04-07T11:26:25","slug":"homepage","status":"publish","type":"page","link":"https:\/\/www.sportalsub.net\/blog\/","title":{"rendered":"Inicio"},"content":{"rendered":"","protected":false},"excerpt":{"rendered":"","protected":false},"author":1,"featured_media":0,"parent":0,"menu_order":0,"comment_status":"open","ping_status":"closed","template":"template-frontpage.php","meta":{"_lmt_disableupdate":"","_lmt_disable":"","jetpack_post_was_ever_published":false,"footnotes":""},"class_list":["post-16331","page","type-page","status-publish","hentry"],"jetpack_sharing_enabled":true,"jetpack_shortlink":"https:\/\/wp.me\/Pf9lN-4fp","jetpack_likes_enabled":false,"jetpack-related-posts":[{"id":1188,"url":"https:\/\/www.sportalsub.net\/blog\/conoce\/","url_meta":{"origin":16331,"position":0},"title":"\ud83c\udf0e Conoce las Actividades Subacu\u00e1ticas","author":"Sportalsub.net","date":"22 febrero 2009","format":false,"excerpt":"Qu\u00e9 son y cuales son las modalidades de las actividades subacu\u00e1ticas \u00a0 \u00a0 Las Actividades Subacu\u00e1ticas, son todo aquel conjunto de actividades que se realizan y practican en espacios acu\u00e1ticos (mares, piscinas, lagos, r\u00edos, embalses, etc...) y cuya caracter\u00edstica principal es que la \u00a0mayor parte del tiempo, la persona que\u2026","rel":"","context":"En \u00abGeneral\u00bb","block_context":{"text":"General","link":"https:\/\/www.sportalsub.net\/blog\/category\/general\/"},"img":{"alt_text":"","src":"https:\/\/i0.wp.com\/www.sportalsub.net\/blog\/wp-content\/uploads\/2013\/11\/0011.jpg?resize=350%2C200&ssl=1","width":350,"height":200},"classes":[]},{"id":14825,"url":"https:\/\/www.sportalsub.net\/blog\/quienes-somos\/","url_meta":{"origin":16331,"position":1},"title":"Quienes Somos","author":"Sportalsub.net","date":"25 marzo 2013","format":false,"excerpt":"Somos un sitio web dedicado a informar sobre el mundo de las actividades subacu\u00e1ticas en espa\u00f1ol. Apnea, Buceo Libre, Buceo Recreativo, Buceo Deportivo, Buceo T\u00e9cnico, Buceo Cient\u00edfico, Nataci\u00f3n con Aletas, Pesca Submarina, Rugby Subacu\u00e1tico, Hockey Subacu\u00e1tico, Fotograf\u00eda Submarina, Video Submarino, Tiro al Blanco Subacu\u00e1tico, Orientaci\u00f3n Subacu\u00e1tica. Conservaci\u00f3n del Medio Ambiente\u2026","rel":"","context":"Entrada similar","block_context":{"text":"Entrada similar","link":""},"img":{"alt_text":"","src":"http:\/\/i0.wp.com\/www.sportalsub.net\/blog\/wp-content\/uploads\/2015\/12\/miguelsportsub2015.jpg?resize=350%2C200","width":350,"height":200},"classes":[]},{"id":16,"url":"https:\/\/www.sportalsub.net\/blog\/quienes-somos\/","url_meta":{"origin":16331,"position":2},"title":"Nosotros","author":"Sportalsub.net","date":"27 abril 2008","format":false,"excerpt":"Somos un sitio web dedicado a informar sobre el mundo de las actividades subacu\u00e1ticas en espa\u00f1ol. Apnea, Buceo Libre, Buceo Recreativo, Buceo Deportivo, Buceo T\u00e9cnico, Buceo Cient\u00edfico, Nataci\u00f3n con Aletas, Pesca Submarina, Rugby Subacu\u00e1tico, Hockey Subacu\u00e1tico, Fotograf\u00eda Submarina, Video Submarino, Tiro al Blanco Subacu\u00e1tico, Orientaci\u00f3n Subacu\u00e1tica. Conservaci\u00f3n del Medio Ambiente\u2026","rel":"","context":"En \u00abGeneral\u00bb","block_context":{"text":"General","link":"https:\/\/www.sportalsub.net\/blog\/category\/general\/"},"img":{"alt_text":"","src":"http:\/\/profile.ak.fbcdn.net\/hprofile-ak-ash2\/573117_751817024_651893326_n.jpg","width":350,"height":200},"classes":[]}],"_links":{"self":[{"href":"https:\/\/www.sportalsub.net\/blog\/wp-json\/wp\/v2\/pages\/16331","targetHints":{"allow":["GET"]}}],"collection":[{"href":"https:\/\/www.sportalsub.net\/blog\/wp-json\/wp\/v2\/pages"}],"about":[{"href":"https:\/\/www.sportalsub.net\/blog\/wp-json\/wp\/v2\/types\/page"}],"author":[{"embeddable":true,"href":"https:\/\/www.sportalsub.net\/blog\/wp-json\/wp\/v2\/users\/1"}],"replies":[{"embeddable":true,"href":"https:\/\/www.sportalsub.net\/blog\/wp-json\/wp\/v2\/comments?post=16331"}],"version-history":[{"count":0,"href":"https:\/\/www.sportalsub.net\/blog\/wp-json\/wp\/v2\/pages\/16331\/revisions"}],"wp:attachment":[{"href":"https:\/\/www.sportalsub.net\/blog\/wp-json\/wp\/v2\/media?parent=16331"}],"curies":[{"name":"wp","href":"https:\/\/api.w.org\/{rel}","templated":true}]}}